e 4*g + 5*y - 44 = 0, 28 - 6 = 2*g + 4*y. Suppose b + 14 = g. What is the tens digit of (3 + -75)/b*1?
2
Let s(p) = 157*p + 8. Let l(g) = -79*g - 4. Let y(b) = 11*l(b) + 6*s(b). What is the units digit of y(1)?
7
Suppose -5*o - r + 52 = 0, 5*o - 28 - 20 = r. Let w = o + -8. Suppose 0 = 3*x - w*x - 28. What is the tens digit of x?
2
Let k = 897 + -477. Suppose -10*s + 4*s = -k. What is the units digit of s?
0
Let x(i) = 5*i**2 - i + 1. Let m be x(1). Suppose 5*z - 180 = -m. What is the units digit of z?
5
Let g(t) = 19*t - 16. Let o be g(12). Suppose 2*l - 22 = -o. Let m = 142 + l. What is the units digit of m?
7
Let r(x) = 5*x**3 - x**2 - 1. Let s be r(2). Let z = s + -24. What is the units digit of z?
1
Suppose 2*p + 4*w = 826, 3*p - 3*w - 1522 = -265. What is the tens digit of p?
1
Let m(v) = 3*v**2 + v - 44. What is the units digit of m(-11)?
8
Suppose -5*q + 2375 = -5*p, 0 = -q + 3*p - 0*p + 483. What is the units digit of q?
1
Let g be 4*-2*(-1206)/(-36). Let s = -141 - g. What is the hundreds digit of s?
1
Let d(p) = -p**3 + 2*p**2 - 3*p + 1. Let c be -2 + (0 + 1 - -3). Let j be d(c). Let i(h) = -h**3 - 4*h**2 + 4. What is the tens digit of i(j)?
2
Let h(b) = 56*b**2 + 4*b - 5. Let f be h(2). Let w = f - 150. What is the units digit of w?
7
Let w(u) = u**2 - 2*u + 1. Let h(l) = l**3 - l**2 + l + 2. Let t(z) = -z + 2. Let i be t(2). Let g be h(i). What is the units digit of w(g)?
1
Let a = 7 + 0. Let o(u) = 30*u + 19. What is the units digit of o(a)?
9
Suppose -46*t + 48*t - 7229 = -3*q, 2*t + 7225 = 3*q. What is the thousands digit of q?
2
Suppose 3319 = 4*g + 847. What is the tens digit of g?
1
Suppose -4*i + 11*i = 21. What is the units digit of i + 1040/24 + (-4)/(-6)?
7
Let n be -2 + 0 - 3*(-2)/3. Suppose n = 44*l - 50*l + 1242. What is the hundreds digit of l?
2
Let u(d) = -4*d. Suppose 0 = -4*a + 5*c - 63, -a - a + c - 27 = 0. Let x = 8 + a. What is the tens digit of u(x)?
1
Let t(h) = h**3 + 9*h**2 - 8*h + 12. Suppose 3*i - 6*i = 27. What is the tens digit of t(i)?
8
What is the tens digit of (0*(6 + -7) - 19)*-23?
3
Let t = -2293 - -3527. What is the hundreds digit of t?
2
Suppose -4*r + 2976 = 2*r. Suppose -4*d - 128 = -r. Let z = d - 19. What is the tens digit of z?
7
Let p = -1 - -4. Suppose -p*l + 0*l + 21 = 0. Suppose -4*c = -5*c + l. What is the units digit of c?
7
Let l = 1785 - 955. What is the tens digit of l?
3
Let c(p) = 68*p - 67. What is the tens digit of c(12)?
4
Let m(q) be the first derivative of 7*q**3/3 + 2*q**2 - 11*q + 1. Let l(w) = 8*w**2 + 4*w - 12. Let g(a) = -6*l(a) + 7*m(a). What is the units digit of g(-6)?
7
Suppose w - 2*p = -0*p + 8, -p - 6 = -w. What is the units digit of w?
4
Suppose 2*j = 29*j - 19926. What is the tens digit of j?
3
Suppose 8*m - 2 = 7*m. Suppose m*i - w = 11, 4*i - 3*w - 21 = -0*i. Suppose i*a + 344 = 14*a. What is the units digit of a?
3
Let n(r) = 4*r**2 + 8. Let h be n(6). Let b = h - 86. What is the units digit of b?
6
Let t(j) = 2*j + 3. Suppose 3*o + 1 - 46 = 0. Suppose 20 = 4*s - 5*n, -3*s + 2*n + o + 0 = 0. What is the tens digit of t(s)?
1
Suppose 23*p - 19*p = 5*u + 1153, 5*p - 3*u = 1438. What is the hundreds digit of p?
2
Suppose -20*i - 2*h = -21*i + 82, -5*i - h + 377 = 0. What is the units digit of i?
6
Let r be (-7 - 1)/((-2)/6). Let d(u) = -u + 2. Let y be d(0). Suppose y*x - x = r. What is the tens digit of x?
2
Let j(v) = -v**3 - 9*v**2 + 2*v - 3. Let m(f) = 2*f**3 + 9*f**2 - 3*f + 2. Let d(o) = -3*j(o) - 2*m(o). Suppose 2*p - 58 = -40. What is the units digit of d(p)?
5
Suppose 76 = 3*z + 298. Let o = z - -128. Suppose 4*g = -0*p + p + o, -4*p + 5 = g. What is the tens digit of g?
1
Suppose 2*l + 48 = 3668. What is the hundreds digit of l?
8
Suppose 112 = 3*n + 136. Suppose 3*m - m + 2 = 0, -5*y = -4*m - 64. Let t = n + y. What is the units digit of t?
4
Let w(t) be the first derivative of -t**4/4 - 17*t**3/3 - 2*t**2 + 38*t + 7. What is the tens digit of w(-17)?
0
What is the tens digit of (-84 + 88)/(385/(-387) - -1)?
7
Let d(b) = b**2 + 3*b + 3. Let v(l) = -19*l + l**2 + 7*l + 16*l + 4. Let t(x) = 3*d(x) - 4*v(x). What is the units digit of t(-5)?
3
Suppose -2*l - l - 4*c - 15 = 0, 0 = -3*l - 5*c - 15. Let p = 0 - l. Suppose 0*x + x = p. What is the units digit of x?
5
Suppose 4*k + 19*k - 4048 = 0. What is the hundreds digit of k?
1
Suppose -j + 2*j + 10 = 0. Let i be (15/j)/((-6)/4). What is the units digit of 13 + -11 - (-24 + i)?
5
What is the units digit of 13/(312/16290) + (-2)/(-8)?
9
Let w = 2 - -1. Suppose 2*b = w*b - 55. What is the tens digit of b?
5
Let d(a) = -a**2 - 11*a - 12. Let o be d(-5). Let h = -13 + o. Suppose h*i - 10*i + 180 = 0. What is the tens digit of i?
3
Suppose -36442 = -31*z + 37090. What is the tens digit of z?
7
What is the units digit of 11/(22/1380)*12/18?
0
Let y(k) = -215*k + 2. Let l(u) = -72*u + 1. Let a(j) = 7*l(j) - 2*y(j). What is the tens digit of a(-1)?
7
Suppose 0 = 4*s - 14 + 2. Suppose -3*h = -3*v + 63, -s*v - 3*h + 93 = 6. Suppose v + 0 = r. What is the units digit of r?
5
Suppose 30*v = 24*v + 102. What is the units digit of v/(-2)*(-11 + -15)?
1
Suppose 605 = 4*h + h. Let k = -73 + h. What is the tens digit of k?
4
Suppose -5*m + 154 + 406 = 0. Suppose w - 3*w + m = 0. What is the tens digit of w?
5
Let j be 0/((24/3)/(-4)). Let a be (-2 - j) + 2 + 2. Suppose -a*b + 4 = -26. What is the tens digit of b?
1
Suppose -141 = -t - 41. Suppose -m + 5*n = -175, n + 569 = 3*m + t. What is the hundreds digit of m?
1
What is the units digit of 974/((8/(-10) + 1)*2)?
5
Let c = 439 - 152. What is the hundreds digit of c?
2
Suppose -3*q - 2*y = -264 - 688, -q - 3*y = -322. What is the units digit of q?
6
Let o = 2558 + 1793. What is the thousands digit of o?
4
Suppose 2*p - 45 = -g, -g - 4*p = -4*g + 95. Suppose 57 + g = d. Suppose d = w + 19. What is the units digit of w?
5
Let i(q) = 26*q**2 - 7*q + 2. Let t be i(-6). What is the tens digit of (-10)/(-55) - t/(-55)?
1
Suppose 0 = 83*j - 55*j - 71932. What is the tens digit of j?
6
Let v = 615 - 386. What is the tens digit of v?
2
What is the hundreds digit of (-127)/2*(4 - 10)?
3
Let o(n) = n**2 - 6*n + 10. Let a be o(4). Suppose -3*c + 80 = 2*c + a*i, 64 = 3*c - 2*i. What is the tens digit of c?
1
Suppose w - 213 = 4*t, -7*w + 426 = -5*w + t. What is the hundreds digit of w?
2
Suppose -v + 77 = -360. What is the hundreds digit of v?
4
Let q(b) = -b + 7. Let g be q(4). Suppose g*o - 8*o + 280 = 0. What is the tens digit of o?
5
Let c(n) be the third derivative of n**5/12 - 7*n**3/6 + 32*n**2. What is the units digit of c(-7)?
8
Let v(r) = r**2 + r - 10. Let u be v(-4). Suppose -a + 212 = -3*a. What is the units digit of (a/(-6))/(u/6)?
3
Suppose u + 6 = -2*u, u + 38 = 4*p. Suppose p*g + 829 = 2035. What is the units digit of g?
4
Suppose 5*p = 5, 7917 = 5*k - 44*p + 41*p. What is the hundreds digit of k?
5
Let w = 151 - 148. Suppose 5*o = 2*k + 556, -o + k = -107 - w. What is the units digit of o?
2
Suppose 0 = 4*p + j + 25, -2*p - 29 + 3 = -4*j. Let l(u) = -12*u + 15. Let h be l(p). Suppose -2*v - v + 63 = 3*m, -4*m + v = -h. What is the units digit of m?
4
Suppose 0*m - 3*m = -279. Let z be (-4 - -4)*2/(1 - -3). Suppose 3*q = 3*b + m, z*q + q = 3*b + 29. What is the units digit of q?
2
Let g(w) = -w**2 - 4*w + 3. Suppose 0 = 2*t + 8. Let f be g(t). Suppose -16 = 2*x - f*x. What is the units digit of x?
6
Let d = 24 - 1. Suppose 5*f + 8 = d. Suppose 2*w - f*w + 10 = 0. What is the units digit of w?
0
Suppose -3*c + 108 - 96 = 0. Suppose 4*s - 7 = 1. Suppose -s*q - 118 = -c*q. What is the tens digit of q?
5
Suppose 0 = s - 3*p + 28, -4*p + 6*p = s + 31. Let r = s - -135. What is the units digit of r?
8
Suppose -2*k + 9 = -5*j - 41, 4*k = 5*j + 120. Let f = -33 + k. Suppose -6*g = -f*g - 192. What is the tens digit of g?
4
Suppose -k + 150 = 4*x - x, 5*k - 4*x = 750. What is the hundreds digit of k?
1
Suppose -b + 7 = -z, 2*b - 5*z = b + 15. Let w(j) be the third derivative of j**6/120 - j**5/20 - j**4/12 + j**3/6 - 9*j**2. What is the tens digit of w(b)?
4
Let u(g) = 50*g + 190. What is the thousands digit of u(22)?
1
Let u = 213 + -210. Let t(x) = 0*x + 6 - 14 + 7*x. What is the units digit of t(u)?
3
Suppose 220 = 3*w + 2*j, 0 = 5*w - 3*w - 3*j - 125. Let v = w + 